Is u a multiple of 9?
True
Let j(q) = q**3 + 4*q + 1. Let h be j(3). Suppose -4*a = a + 10, -5*a + h = 5*p. Is 9 a factor of p?
False
Let y(n) = -n**3 - 9*n**2 - 5*n + 3. Let t be y(-9). Suppose -t = -3*x + s, 0*x + x - 21 = 2*s. Let b = x + -1. Is 14 a factor of b?
True
Let l(u) be the second derivative of u**4/12 - 7*u**3/6 + u**2/2 - 2*u. Let v be l(7). Is 20 a factor of ((-12)/(-5))/(v/15)?
False
Let a = -20 + 27. Is a a multiple of 7?
True
Suppose 726 - 264 = 7*x. Does 6 divide x?
True
Suppose 5*a + i = 4*i + 22, -10 = 3*a + 4*i. Let j = -12 - -17. Suppose 0 = -n + 3*m + 10, -a*m + 115 = j*n - 4*m. Does 12 divide n?
False
Suppose -5*g + 23 + 27 = 0. Suppose -5*c - 215 = -g*c. Let k = c - 5. Is 16 a factor of k?
False
Let s = 40 + -18. Is 14 a factor of s?
False
Suppose 5*j + 34 = o, -5*o + 4*j + 22 = -148. Suppose -g = -5*p + 7 + 39, -3*p - g + o = 0. Does 10 divide p?
True
Suppose -2*a + 19 = 5*w, 0 = 3*w - 4*a - 3 + 2. Let v(x) = -5*x. Let q be v(-1). Suppose 0 = q*m - 25, -5*s - 4*m + w*m + 40 = 0. Is 7 a factor of s?
True
Let p = -62 - -34. Is -12*1*p/12 a multiple of 7?
True
Let v be (-19 - (-3 + 2)) + 3. Let l = v - -25. Is 2 a factor of l?
True
Let s(r) be the third derivative of r**5/60 + r**4/8 - 7*r**3/6 - 3*r**2. Let t be s(-5). Suppose t*u - v = 74, -u + 8 = -2*v - 15. Is u a multiple of 12?
False
Suppose 4*s - 5*w - 79 = 0, -2*s + 23 = -5*w - 14. Is 27 a factor of 6/s + 187/7?
True
Suppose 5*w = 405 + 65. Does 47 divide w?
True
Let m be ((-12)/(-18))/(1/3). Suppose -5*k + 70 = -2*k - m*g, -3*k = -g - 71. Is k a multiple of 6?
True
Suppose -7 = -3*f + 5. Let y be 30/f - (-12)/(-8). Does 5 divide y/10*50/2?
True
Let f = -2 + 2. Suppose f*g = -3*g + 6. Suppose -3*z + 25 = g*z. Does 2 divide z?
False
Let q be ((-9)/(-6))/((-3)/(-4)). Let j = q - -2. Is j/6*(-72)/(-4) a multiple of 6?
True
Let h = 91 + -40. Is 17 a factor of h?
True
Suppose -4*r + 20 - 12 = 0. Suppose 0*c = 5*c - 165. Suppose -c = -r*u + 13. Does 11 divide u?
False
Suppose -6 = -2*k - n - 2*n, 4*n = 0. Suppose 3*q - 2*q + 11 = k*g, 5*q + 10 = 0. Suppose -9 - g = -c. Is c a multiple of 12?
True
Let d(h) = -9*h - 1. Let q be d(-1). Suppose -j + 39 - q = 0. Is 17 a factor of j?
False
Suppose -5*g + 350 = -110. Does 13 divide g?
False
Let a(v) = -v + 34. Is 36 a factor of a(-20)?
False
Let y be -26 + (-3 - (3 - 6)). Is y*9/(-12)*2 a multiple of 13?
True
Is 4/20 - -1*702/15 a multiple of 5?
False
Suppose 0 = 16*b - 18*b + 134. Does 4 divide b?
False
Suppose n - 9 = -3*w, -3*w = 4*n - 49 - 14. Does 6 divide n?
True
Suppose -2*j = 3*g + g, 10 = 3*g - j. Is 15 a factor of 31 - g/(4 - 2)?
True
Let o(j) = 2 - 7*j + 0 - 2*j - 1. Let m be o(-7). Suppose -c - 3*c = -m. Is c a multiple of 8?
True
Let s = 59 - -26. Let d = s + -16. Is d a multiple of 18?
False
Suppose 0 = 2*s - 0 + 38. Let t = s - -33. Suppose -3*k + 28 = -t. Is 11 a factor of k?
False
Let j be (-4)/12*(0 - 18). Is 7 a factor of 105/(-6)*j/(-5)?
True
Suppose 3*w + 12 = w. Does 7 divide 3/(-18) - 169/w?
True
Let n(a) = a + 12. Let j be -1 + -11 - (-1 + 1). Let z be n(j). Suppose -x - x + 84 = z. Is x a multiple of 12?
False
Let v be (-7)/3 + 1/3. Suppose 3*q + 0*s = 4*s + 43, 0 = 5*q - 3*s - 68. Let u = q - v. Does 9 divide u?
False
Let t(y) = 4*y**3 - y**2 - 2*y. Does 24 divide t(2)?
True
Let i(g) = -3*g - 15. Let h be i(-10). Let s = -8 - -11. Suppose s + h = 3*l. Does 3 divide l?
True
Let s(k) = 3*k - 11. Let m be s(6). Suppose -2*p = -5*j + 68, 0 = 4*j - m*j + 5*p + 37. Does 6 divide j?
False
Let s(d) = d**3 - 5*d**2 + 9*d - 3. Suppose 0 = -0*q - q + 6. Let l be s(q). Suppose -5*h = -l - 138. Does 15 divide h?
True
Let n = -49 - -91. Is n a multiple of 14?
True
Let f = -16 + 21. Suppose -3*k + 52 = f*w - 11, -2*k + 38 = 2*w. Is k a multiple of 8?
True
Is 28 a factor of 3/(-15)*(-306 + 1)?
False
Let y(l) = 12*l**2 + l + 3. Is y(-2) a multiple of 8?
False
Let m be (1 - 6/4)*-4. Let i(y) = 4 + 0*y**3 - 4*y**3 - 6*y**m - 6*y + 3*y**3. Does 4 divide i(-5)?
False
Suppose 2*k - 3 = k. Suppose 0 = -j + 4, -6*j + k*j + 38 = 2*t. Is 13 a factor of t?
True
Is (-64)/(-10)*(-75)/(-10) a multiple of 8?
True
Let p(r) = -2*r + 1. Let v be p(-3). Let f = 9 - v. Suppose 2*t + 31 = 4*b + t, 0 = -2*b + f*t + 20. Is b a multiple of 3?
False
Let j(o) be the third derivative of 17*o**4/24 - o**3/6 + 4*o**2. Does 17 divide j(3)?
False
Suppose 131 = 4*r + 2*t - 5*t, 5*r = -t + 159. Does 10 divide r?
False
Let b(q) = -q**3 - 8*q**2 - 7*q + 12. Is b(-7) a multiple of 3?
True
Let w(g) = g**3 + 3*g**2 - 2. Let a be w(-3). Let j = -58 - -55. Is (1/a)/(j/42) even?
False
Suppose 3*j - 4*j = 0, 0 = -2*c + 2*j + 6. Suppose 2*b = 3*z - 25, 4*z - 31 - c = 3*b. Is 4 a factor of z?
False
Is (4/(-8) - 0)*-22 a multiple of 5?
False
Suppose -210 - 30 = -5*q. Does 6 divide q?
True
Suppose -257 = -4*d - l + 2*l, 5*d + 5*l = 315. Does 32 divide d?
True
Suppose -9*n = -6*n - 9. Does 25 divide (1*50)/(n + -1)?
True
Let k be ((-12)/9)/(5/(-30)). Is 6 a factor of (k/4)/(-2) + 19?
True
Suppose -5*u + 15 = -2*w, 2*u = -3*w - 3*u + 15. Let p be 0 - -3 - (w - 2). Suppose -6 = p*x - 81. Is x a multiple of 15?
True
Suppose -5*j + 65 = -65. Suppose -2*o = o + 45. Let m = j + o. Is m a multiple of 4?
False
Let y(p) = -p**2 - p + 3. Let l be y(7). Let x = -17 - l. Is 12 a factor of x?
True
Is 15 a factor of (-15)/(3/(-6)*1)?
True
Let d be 2/(1 + 219/(-222)). Suppose -5*b - 8 = -d. Is b a multiple of 14?
True
Let l(v) = 48*v**2 - v. Let h be l(1). Let a = h - 31. Is a a multiple of 12?
False
Let d = 8 - -52. Does 34 divide d?
False
Suppose 3*d - 355 = 182. Does 18 divide d?
False
Let j = -1 + 4. Let w(a) = -a + 5. Let p be w(3). Suppose -p*s - j*s = -45. Is 3 a factor of s?
True
Let i(k) = k**3 - 5*k + 4. Let d be 32/5 - (-8)/(-20). Suppose -y - t = -d*t + 7, 2*t = 4. Is i(y) a multiple of 7?
False
Is ((-8)/3)/(10/(-390)) a multiple of 13?
True
Let y(k) = k**3 - 15*k**2 - 9*k - 19. Does 21 divide y(16)?
False
Suppose 14 = -4*k + 3*c - 0*c, -12 = 2*k + c. Let o = k - 15. Is 13 a factor of (-525)/o - 1/4?
True
Let f(r) = r + 8. Let p be ((-12)/(-7))/((-3)/(-21)). Suppose -3*y + 28 = 3*m - 4*y, 3*m = -3*y + p. Is f(m) a multiple of 16?
True
Suppose -5*n = 4*r - 8, -r - n = -4 + 2. Is (-8)/((-3)/(57/r)) a multiple of 19?
True
Suppose -2*b + 15 = z, -2*b + 10 = 5*z - 5*b. Suppose 112 = 2*y - g, y - 5*g + z = 70. Is y a multiple of 14?
False
Let a = -5 - -35. Let c = a - 2. Does 17 divide c?
False
Suppose 3*s + 5*p - 26 = -2, 2*s - 16 = -4*p. Is s a multiple of 8?
True
Let n(g) be the second derivative of 4/3*g**4 + 0 + 1/6*g**3 - 2*g + 1/2*g**2. Does 16 divide n(-1)?
True
Suppose m + 9 = -2*m. Let b = m - -5. Suppose -b*j - 70 = -3*n - n, 3*n + 5*j - 20 = 0. Does 6 divide n?
False
Let m(j) = j**3 - 5*j**2 + 5*j. Suppose -5*b = -u - 22, b + 2*u = -0*u. Suppose -4*c - 4 = -b*w, 7 = 2*w + c - 4. Is m(w) a multiple of 2?
True
Suppose 0*k - 3*k - 5*i - 55 = 0, -i = 5*k + 55. Let w be 0 + (-6)/(-2) + k. Is 4 a factor of 2/w + (-102)/(-14)?
False
Suppose -6*d = -3*d + 27. Let j = 20 + d. Does 10 divide j?
False
Let v be (-8)/36 + 182/9. Suppose 0 = 5*x - 25 - v. Is 4 a factor of x?
False
Let z = 255 + -30. Let m = -157 + z. Is 20 a factor of m?
False
Let t = -22 - -37. Let n = 20 - t. Is n even?
False
Suppose -5*t - 2*l + 257 = l, -12 = -3*l. Does 42 divide t?
False
Let o(a) = a**3 + 5*a**2 + 4*a + 1. Does 4 divide o(-3)?
False
Let g = -61 - -89. Is g a multiple of 4?
True
Let k = -97 - -181. Is k a multiple of 6?
True
Let u = -146 - -206. Is u a multiple of 12?
True
Suppose 3*a - a = 6. Suppose -a*z = -3, 3*h + 5*z + 2 = 58. Is 3 a factor of h?
False
Let y(k) = k**3 - 9*k**2 - 4*k + 1. Let b be y(9). Let o = b - -54. Is o a multiple of 8?
False
Let r(k) = -5*k**3 + 1. Let q be r(1). Is 7 a factor of (21/q)/((-2)/8)?
True
Suppose -q - 5*l + 20 = 0, -2*q + 5 = 2*q - 5*l. Suppose -q*u - 4*f = -189, -7*u + f = -3*u - 147. Is u a multiple of 10?
False
Let l be 2 + 2 + (2 - 0). Let b(c) = -3*c**3 + 2*c**3 + 2*c + 2*c**3 - l - 4*c**2. Is b(4) a multiple of 2?
True
Suppose 0 = 2*h - 0*h - 10. Suppose -h*s + 35 - 84 = -f, -f - 3*s = -41. Is 22 a factor of f?
True
Let s = -136 + 280. Is 24 a factor of s?
True
Is ((-8)/(-44) - (-427)/11)*7 a multiple of 13?
True
Let s(n) = 42*n**2 +